4 - 44 - (4 + 1))
25
637 - 616 - (-7 - 1)
29
What is (50 - -3) + -30 - (11 - -2)?
10
Evaluate -11 + (42 - (10 + -6 + 9)) + -73.
-55
What is the value of -14 + -4 + (-17 - (-19 - -9))?
-25
-22 - -5 - (-206 - -210)
-21
Evaluate (-8 - 28) + (20 - 21 - -30).
-7
Calculate 28 + (-55 - (-8 - 19)) - (-2 + 0).
2
Calculate -17 - (-31 - -11) - 34.
-31
What is 20 + (-9 - (-14 + 15 + 5)) + -77?
-72
What is the value of -2 + -3 - (9 + (-9 - -5) + -2 + -26)?
18
Calculate 4 + 3 + 9 + 22 + -88.
-50
Evaluate (-4 - (1 + -2 + 3)) + -43 + 116 + -34.
33
Evaluate 47 - (-2 + 6 + 0).
43
What is the value of 7 + (-40 - 1) + -8 - -6?
-36
Calculate 5 + 15 + 14 + -52.
-18
Evaluate -9 + 3 + -2 + 19 + (-17 - (2 - 34)).
26
-162 + 63 + 23 + 1 + (-4 - 17)
-96
505 + -477 - (38 + -3)
-7
Calculate 20 + (5 - (6 - 10 - -14)) - -6.
21
94 - 113 - -7 - ((10 - 0) + (4 - 3))
-23
Calculate -175 + 30 + 52 - -82.
-11
10 + -1 - ((33 - (-20 + 19)) + 5)
-30
20 - (6 + 10 - (-11 - -9))
2
What is the value of 13 - -1 - (306 - 369)?
77
Calculate -74 + (7 - (18 - 3 - (-19 + (25 - 14)))).
-90
Evaluate -13 + -6 + 7 - (102 + -152).
38
Calculate 717 + -686 + (2 - 22).
11
What is the value of -54 - ((-34 - (-8 - 9)) + 11) - -9?
-39
Evaluate 2 + (89 - 6) + -5 - (296 + -308).
92
-11 - -40 - ((-110 - -52) + 71)
16
Evaluate 40 + (-18 - (1 - -20 - 23)).
24
25 + 1 + (-824 - -758)
-40
Calculate 0 + 60 - (-608 - -633) - -47.
82
Evaluate (138 + -95 - 92) + 21.
-28
(28 + -33 - -26) + -5 + 3
19
What is the value of -8 - -12 - (-23 + 3 + -7)?
31
((12 - (3 - 13)) + -4 - -2) + 21
41
-12 + -1 + 18 + -14 + 11 + -11 + -73
-82
Evaluate 18 + -26 + (52 - 23).
21
Calculate 18 - (2 + -10 + -1 + 57 + -48 - -2).
16
What is -2 - (4 + 2 + (-5 + -26 - -19) - -3)?
1
What is (-1 - 37) + (156 + -28 - 148)?
-58
-6 - (19 - (4 + -1 + -9) - -7)
-38
(-82 - -25) + 13 - (-23 + 0)
-21
What is the value of 73 + 65 + -113 - -32?
57
38 + -5 + (-6 - (9 - (3 - (1 - 9))))
29
What is 22 - 1 - ((40 - 29) + 11 + (-4 - 5))?
8
What is (50 - (25 - 43)) + -46 + -13?
9
Calculate (-31 + (-37 - -15) - -2) + 14.
-37
Calculate 14 - ((-19 - 54 - -76) + -1 + -21).
33
(-2 - 44 - -1) + -264 + 241 + 13 + 0
-55
What is -28181 + 28163 - (69 + -3 - -3)?
-87
Evaluate 7 - 10 - (-67 - -39).
25
Evaluate (95 - 169 - -12) + 0 + -20.
-82
What is the value of (-12 - -107) + -86 - (2 + -26)?
33
What is 123 - 430 - -188 - (-9 - (-3 + 3))?
-110
Calculate 10 + 2 + (98 + (-325 - -103) - (-8 - 1)).
-103
4 + -1 + (-75 + 101 - 55)
-26
Evaluate -13 - (26 + 10 + -31) - (1 - -9).
-28
Calculate 254 - (232 - -30) - (-83 + -1).
76
Evaluate 8 - (1 + -2) - (794 + -740).
-45
What is 17 + (21 - (-5 + 31)) + 0 + -2?
10
Evaluate 13 + (11 - 19 - 1) + 16 + (-14 - 2).
4
Evaluate -2 - 2 - ((-297 - -247) + (0 - (-4 - 10))).
32
What is the value of (1 - 122) + -2 - ((-101 - (-136 + 60)) + 20)?
-118
Evaluate (4 - -2) + (-412 - -407) - 130.
-129
-17 + (70 + -12 - (66 + -33))
8
Evaluate (-94 - -55 - 5) + 47.
3
Evaluate (-5593 - -5569) + -5 + -1 + 0 - 12.
-42
Evaluate -160 - (2 - (-22 + (50 + -11 - -8))).
-137
Evaluate 15 + -8 + (-10 - -5) + -13.
-11
What is 87 + -6 - (4 + 2 - 0 - (187 - 178))?
84
Calculate (-1 - -6) + (95 - -7 - (-1 + 14) - 9).
85
Evaluate 1 + -19 + (-1944 - -1984) + 34.
56
What is 0 + 0 + (-8 - 12 - -16) + 11?
7
Calculate (5 - (3 + -5)) + -10 - 12.
-15
Evaluate -31 - (34 - 69) - (1 - -33) - -5.
-25
Calculate (-2 - (1 - 11)) + (3 + -23 - (184 + -163)).
-33
Calculate -26 - -15 - (-158 - -98).
49
What is the value of 1 + -47 - (-26 + -21 + 45 + -5)?
-39
Evaluate -36 - (1 + (15 - 10) + -6 + (10 - 2)).
-44
What is (-8 - 1) + 222 + -230 + -1 - 3?
-21
-4 + 2 + -43 - (5 - (36 - 35))
-49
What is the value of (3 - (-12 - 3)) + 190 + -291 + 14?
-69
1 - 52 - (32 - (12 + 5) - 7)
-59
What is 106 + (-127 + 47 - -28)?
54
17 + (-22 - ((-8 - 20) + 29))
-6
(131 - 134) + (1 + -1 - -10) - (22 + 5)
-20
Calculate 2643 - 2669 - (-40 + -1).
15
29 + -62 - (6 + -3)
-36
What is the value of 588 - 557 - (4 - ((-2 - -4) + -2))?
27
What is 128 + -147 + 110 - 148?
-57
What is the value of -15 - (-2 - -4 - 1 - (215 - 195))?
4
What is (898 - 871) + -7 + -43 + 1?
-22
Evaluate 16 + (-13 - -37 - (-45 - -48)).
37
What is 58 - 5 - ((-104 - -66) + 34)?
57
Evaluate -50 - -13 - -28 - 14.
-23
What is (5 - 53) + 25 + -16 + 20 + -27?
-46
Evaluate 223 - 201 - (-2 + -2 + 19) - (17 - 2).
-8
What is the value of 4 + 21 - (2050 + -1985)?
-40
What is the value of (-103 - (-128 + 20)) + -38 + 0?
-33
What is -3 + -8 - (24 - (-1 + -3) - 0)?
-39
What is the value of -15 + (-8429 - -8391 - (-21 + (1 - 0)))?
-33
Calculate -3 - 33 - 12 - 1.
-49
Evaluate -1 - (-2 - ((-4 - 8) + 14)).
3
What is -211 + -131 + 270 + (-38 - -1)?
-109
What is 1 + 37 + -38 + 39?
39
What is (43 - 4) + (406 - 400)?
45
What is (-4 - (1 + (-2 - (-12 - 5)) + -15)) + -87?
-92
What is the value of 36 + (24 - (-77 - (-68 + 46)))?
115
What is the value of (14 - (-3 + -13 + 10 + -5)) + 11?
36
Calculate 2 + (9 + -2 - 0) - (-161 - (-159 + 83)).
94
Calculate 29 - (-1 + 2) - (1821 + -1812).
19
What is the value of 58 + -72 + 18 + -5?
-1
What is -10 - (47 + (7 - (-3 - -39)))?
-28
Evaluate (-10 - ((7 - -1) + -1 - (-342 + 366))) + -5.
2
What is the value of (40 - (-8 + 4)) + (39 - 33)?
50
What is ((0 - -3) + -8 - 100) + (-1 - (-14 + 1))?
-93
Evaluate (-30 + (38 - -30) - 20) + (-3 - 0 - 3).
12
What is -15 + -13 + -19 + -36 + 12 - 1?
-72
7 - 2 - (-1 - 58 - (-17 - -74 - 37))
84
-88 - (-1 + 11 + -20 + 8 + -3)
-83
What is the value of 9 + (28 - 107) + 13 + -11?
-68
Evaluate 365 + -353 - (2 + -7 + -1).
18
Evaluate -81 + 115 + 19 + -5.
48
What is the value of (-38 + 0 - -1) + -5 + (-24 - -17)?
-49
Evaluate -30 - 0 - (-73 - -20).
23
Evaluate 19 - (35 - 7) - (16 + 58 + (7 - 0)).
-90
Calculate -1 + -19 - (-6272 - -6301).
-49
What is 2 + (-12 - -5 - 2) + 19 - (108 - 0)?
-96
Calculate -16 + (-21 - 2) + 23 + -25 - (-2 - -1).
-40
-88 - (-93 + -21) - -43
69
What is the value of (58 + -119 - 17) + 137?
59
Evaluate -1 - -147 - (-318 + 495 + -143).
112
What is the value of 0 + -3 - (-8 + (-4 + 10 - -12)) - -75?
62
-4 - ((-12 - (10 - 21)) + (-3 - -1) - -86)
-87
4 - (3 - -15) - (-11 + 6 - -13 - 4)
-18
12 + 1 + -3 + (1403 - 1386)
27
What is the value of -7 + (7 - 15 - 3) + 3 + 67?
52
What is the value of -20016 + 20003 - (4 + -4 - (1 + (28 - 0)))?
16
What is 8 + (-16 + 0 - -12) + (1 - (1 - 4))?
8
What is -1 + 22 + -23 + 24 + 7?
29
What is 2947 + -2947 + -12 + 1 + -1 - (2 - 146)?
132
What is the value of 53 + -27 + -33 - -44?
37
Calculate (10 - -4) + (-54 - -12).
-28
What is the value of (67 - (108 + -80)) + (-3 + 1 - (3 - 1))?
35
63 - -3 - (-204 - -219)
51
Evaluate 1 - -55 - (-1557 - -1623).
-10
(81 + -9 - 110) + 0 + 3
-35
Calculate -148 + 146 + -20 + -2 + 21.
-3
Evaluate -9 + 21 - (36 + 21) - 13.
-58
Evaluate -39 - (-119 - -32 - -100).
-52
118 - (393 - 356 - (1 - (-22 - -2)))
102
Evaluate (1 - (-3 + 2) - 2) + 728 + -736 - 44.
-52
What is the value of -78 + 65 - (-7 - (-37 - 5) - 7)?
-41
Calculate 307 + -308 - (-16 + (4 - 4)).
15
Calculate -18 + (-17 - -10) + 14 - -34.
23
(2638 - 2788) + 288 + 6
144
Calculate (74 + (-45 - -39) - 116) + 14 + -2 + 0.
-36
What is -17 + 48 - -5 - 3?
33
What is -7 + 1 + 3 + -5 + (-15 - -13) + 8?
-2
Calculate 7 + 12 + -25 + (20 - ((11 - -9) + -4)).
-2
Evaluate 6 - (-70 - -6) - ((12 - 19) + -7 - -19).
65
Calculate -103 - 1 - (988 + -1149).
57
What is (-2 - 9 - (0 - 2)) + 1 - (2 + -34)?
24
Evaluate 35 + -84 - 7 - -27.
-29
Evaluate -9215 + 9229 - (32 + (3 - (2 - 1))).
-20
What is 23 + -35 + (-1 - -16)?
3
Calculate (-1 + 53 - (14 + -16) - 8) + -11 - 3.
32
What is -3 + -58 - (-1145 - -1077)?
7
What is the value of -25 + -42 + 29 + 72?
34
48 + -112 - (8 + -7 - 9 - (3 + 3))
-50
Calculate (-14 - -2) + 5 + 7 - -59 - 5.
54
(47 - (26 - 32)) + -115
-62
7 + 16 - (-158 + 215)
-34
Calculate (0 - -11) + 310 + -319 + -45.
-43
Calculate -72 + (-13 + -10 - (-17 - 2)).
-76
1 + 55 + 3 + -2 + 1 - (-93266 - -93268)
56
Calculate 4 + 5 + -36 - -61.
34
What is (19 - (1 - -5)) + (-15 - 12) + 3?
-11
What is the value of (697 - 725) + -1 + 54?
25
Evaluate -89 - (-41 - 10) - -18.
-20
Calculate 14 + -20 + 54 + -91.
-43
Calculate 9 + 17 + -18 + -2 - -26.
32
Evaluate -48 + (-1 - 12 - ((8 - 15) + -6)).
-48
68 + 2 + (-10 + -8 + 19 + -10 - -4)
65
What is -8 - 0 - (-54 - (-120 - -54))?
-20
Evaluate -16 + (